. List the prime factors of l.
2, 3
Let z(m) = m**3 - 3*m**2 + m + 630. Suppose 0 = 217*v - 209*v. What are the prime factors of z(v)?
2, 3, 5, 7
Suppose -398*j + 408*j - 22250 = 0. What are the prime factors of j?
5, 89
What are the prime factors of (252/84)/(3/1033)?
1033
Let d be ((-13540)/15)/(4/(-6)). Let x be 1/(-3) + d/(-6). List the prime factors of 2/((-4)/x) + (-6)/2.
2, 5, 11
Let x(c) = 19*c - 58. Suppose 73 = 4*g - g - 4*w, -43 = -2*g - 3*w. List the prime factors of x(g).
379
Suppose 3*b - 5*x - 40602 = 0, 5*b - 20114 = -3*x + 47488. List the prime factors of b.
2, 3, 7, 23
List the prime factors of 16/(-6)*((-751136)/128 + -23).
2, 5, 1571
Suppose -2*h = 2*y - 2302, 6*y - 3*y = -h + 1141. Let s = h + -609. List the prime factors of s.
547
Suppose -22 = -2*r + 73*v - 69*v, -3*r = -3*v - 24. Suppose 0 = -3*u - 5*q + 2068, u - 706 = -0*q - r*q. List the prime factors of u.
3, 227
Let r = 14694 + -4404. What are the prime factors of r?
2, 3, 5, 7
Let s be (-15)/75 - (-42)/10. Suppose 20 = -2*y - 2*x + 6, -s*y + x = 48. What are the prime factors of (y/(-3))/((-22)/(-132))?
2, 11
Suppose 11*h - 20*h = -675. List the prime factors of 4 - (30/h + 3874/(-10)).
17, 23
Suppose -4*v + 3*h = 159, 4*v + 0*v = -2*h - 154. Let k = v + 46. List the prime factors of (4 - k) + 95/1.
2, 23
Suppose -5168 = -4*k + 4*s + 13816, -3*k = -7*s - 14242. What are the prime factors of k?
5, 13, 73
Suppose 0 = 8*j + 148 + 60. Let m = j - 121. Let b = m + 445. What are the prime factors of b?
2, 149
Let q = 29 - 10. Let w(p) = -p**3 + 20*p**2 - 15*p - 31. Let k be w(19). Let f = k - q. List the prime factors of f.
2, 13
Let d(r) = -13*r + 57. Let y(u) = -u**3 - 4*u**2 + 9*u + 29. Let j be y(-4). List the prime factors of d(j).
2, 37
Suppose 14*r = 4*r - 3*r + 48425. What are the prime factors of r?
5, 149
List the prime factors of (0 + 11)*2741431/847.
35603
Let r = -168 + 346. Let z be r/6 + (3 - (-11)/(-3)). Let n = z + 40. What are the prime factors of n?
3, 23
Suppose 0 = 33*d - 31*d - 102. Let h = d + -66. Let k = 79 + h. List the prime factors of k.
2
Let k = 5407 - -3768. What are the prime factors of k?
5, 367
Let p(k) = -46*k + 2. Let h be p(-37). Suppose 0 = -5*i + 3*t + h, -5*t + 1036 = 22*i - 19*i. What are the prime factors of i?
2, 3, 19
Suppose -9*j + 43205 = -109165. List the prime factors of j.
2, 5, 1693
Let g(k) = k**2 - 5*k - 11. Let h be g(-2). Suppose h*l - 884 - 31 = 0. What are the prime factors of l?
5, 61
Let r be (-2 - 6/(-9)) + (-29568)/(-9). Suppose -r = -4*u - 2*g + 4*g, -2*u = -2*g - 1644. What are the prime factors of u?
2, 5, 41
What are the prime factors of (-20 + (-1448)/(-72))/((-3)/(-263223))?
9749
Let z = 59 + -56. Suppose -2*x - 2*n - 273 = -z*x, 4*n = 4*x - 1072. List the prime factors of x.
263
Let z(k) = k**2 - 166*k + 1244. Let r be z(8). Suppose -3*h = -0*h - 135. Let j = r + h. What are the prime factors of j?
5
Suppose 6*u - u = 4*u. Suppose u = 15*q - 10*q - 10. Suppose m - 5 + 3 = 0, q*p = 2*m + 216. List the prime factors of p.
2, 5, 11
Suppose 5*g = 15, -2*s - 5*g + 2*g = -17. Suppose -10 = -i + s*q + 1, -5*q - 4 = 2*i. Suppose 0 = -i*w - 68 + 116. What are the prime factors of w?
2
Suppose 3 = 5*q - 17. Let p(j) = 103*j + 17. Let s be p(q). What are the prime factors of (-1)/(22/(-2776)) + (-78)/s?
2, 3, 7
Let k(f) = f**3 - 3*f**2 + 8*f - 7. Let v be k(2). Suppose -w + 5*w = -v*j + 3035, 3*w + 5*j - 2275 = 0. What are the prime factors of w?
2, 5, 19
Suppose 2*v - 49 - 113 = 0. Let t = 394 - v. What are the prime factors of t?
313
Let j = -26 + 24. Let u be 0/((0 - 2)/j). Let y(g) = -3*g + 23. List the prime factors of y(u).
23
Let v = -713 + 404. Let f = v - -976. What are the prime factors of f?
23, 29
Let i(w) = 1608*w + 6508. What are the prime factors of i(9)?
2, 5, 1049
Let r be ((-6)/(1/(-1)))/(-2 + 3). Let m be (1390/60)/(1/r). Let c = -64 + m. List the prime factors of c.
3, 5
Suppose 1300*m - 1210*m - 870006 = 1570524. List the prime factors of m.
3, 23, 131
Suppose 0 = 4*n - n + 12. Let k(w) = w**3 + 7*w**2 + 8*w + 8. Let v be k(n). Suppose 0 = a + v - 27. List the prime factors of a.
3
Suppose 387*y + 191*y - 16535610 = -95*y. What are the prime factors of y?
2, 3, 5, 7, 13
Suppose h = -2*h - 24. Let n be h - -1 - 4 - -4. Let i = 119 - n. List the prime factors of i.
2, 3, 7
Suppose -7*l - 44 + 947 = 0. Let b = -120 + l. List the prime factors of b.
3
Let c = -433 - 1067. Let a = -864 - c. List the prime factors of a.
2, 3, 53
Suppose 115*v - 1371500 - 1257495 = -939875. List the prime factors of v.
2, 3, 17
Suppose 2*b = -b - 4*m - 8, -10 = 2*m. Suppose -69 - 31 = -b*d. Let w = 49 + d. What are the prime factors of w?
2, 37
Suppose -3 + 7 = l. Suppose -5*n - 3*v = -1903, -3*n - l*v = 2*n - 1904. What are the prime factors of n?
2, 5, 19
Let m(c) be the second derivative of -c**5/12 + c**4/3 - 3*c**3/2 + 7*c. Let v(o) be the second derivative of m(o). What are the prime factors of v(-5)?
2, 29
Let q(z) be the second derivative of -z**3 - 20*z**2 - 2*z. Suppose 3*k = 5*x - 17, 12*k - 3*x - 85 = 17*k. List the prime factors of q(k).
2, 11
Suppose -48 = -5*s - 3*s. Suppose -5*a = -2*d - s - 12, -4*d = 2*a + 12. List the prime factors of 3 + ((-32)/48)/(a/(-291)).
2, 5
Suppose -269*s + 212*s = -3378162. List the prime factors of s.
2, 29633
Let o(j) = -55*j + 6. Let h be o(2). Let c be 182/h - ((-3)/4 - -1). Let s(w) = -21*w**3 - 3*w**2 - w. List the prime factors of s(c).
2, 79
Suppose -11*j - 11349 + 745 = 0. List the prime factors of j/(-3) - ((-14)/(-6) - 2).
3, 107
Suppose 102*h + 13848 = 105*h. Suppose 155*p - h = 147*p. List the prime factors of p.
577
Suppose 2*w - 29 = 3*f, -2*f + 4 = 4*w - 46. Suppose w = 2*x - 3*j, -5*j - 3 = 2. List the prime factors of x.
5
Let s be (0 + 0)*(21/(-6) + 3). What are the prime factors of s + 5/(25/1660)?
2, 83
List the prime factors of (-786*(-2)/(12/(-6)))/(6/(-404)).
2, 101, 131
Let m(k) = 2219*k**2 - 3*k - 8. What are the prime factors of m(-2)?
2, 3, 17, 29
Let z(l) = -3*l**2 - 42*l - 17. Let w be z(-13). Suppose a = w + 58. List the prime factors of a.
2, 5
Let g = -162 - -584. Let c = -206 + g. Suppose 2*p - 63 = -4*h + 15, -c = -4*p + 4*h. What are the prime factors of p?
7
Suppose 2*g = -r + 15, -3*r = -4*g - 21 - 34. Let x(o) = 4*o**2 - o - 1. Let i be x(2). Let h = r - i. What are the prime factors of h?
2
Suppose 0 = -45*m + 130 + 51626 + 90309. List the prime factors of m.
7, 11, 41
Let k(n) = -n**3 + 5*n**2 + 3*n - 13. Let s be k(5). Let v be ((-6)/(-6) + -1)*1/s. Let f(t) = t**2 + t + 282. What are the prime factors of f(v)?
2, 3, 47
Let a(b) = 18*b**2 + 140*b + 2672. List the prime factors of a(-20).
2, 13, 17
Suppose -80930 = -538*k + 528*k. What are the prime factors of k?
8093
Suppose -3784876 - 357976 = 124*n - 285*n. List the prime factors of n.
2, 7, 919
Let o be (2*2/(-10))/(112/(-439600)). Let g = o + -800. What are the prime factors of g?
2, 5, 7, 11
Let c = -1048 + 52595. What are the prime factors of c?
19, 2713
Let b = 41 + -39. Suppose v - 17 = -4*f, -5*f - b*v = -30 + 8. Suppose f*o = -3*o + 427. What are the prime factors of o?
61
Let c(h) = -h**3 - 39*h**2 - 82*h - 266. List the prime factors of c(-44).
2, 17, 383
Let t be (-68)/51 + 8/6. Suppose t = -4*s + 57 + 1379. List the prime factors of s.
359
Let n be (-12)/(-10) - 82203/265. Let s = n + 531. List the prime factors of s.
2, 3, 37
Suppose 0 = -x + 5*p - 3*p + 5, 12 = -3*p. Let w(k) = -2*k**2 + 19. Let d(f) = f**2 - f - 20. Let z(a) = x*w(a) - 2*d(a). What are the prime factors of z(-7)?
3, 5, 11
List the prime factors of 39/(-18) + 75/(-90) + (49964 - -4).
3, 5, 3331
Suppose 2*i = -8, 4*q = -i + 2 + 2. Suppose 0 = 2*s, q*k - 452 = -2*k + 5*s. Suppose -8*a - k = -9*a. List the prime factors of a.
113
Suppose -3*d - 158 + 485 = 0. Suppose -2*u - d = -2*p + 215, -5*u = 25. List the prime factors of p.
157
Suppose 0 = q + 3, -543 = 3*w + q + 3*q. Let t = 216 - w. What are the prime factors of t?
3, 131
Let g be ((-1083)/95)/((-1)/5). Suppose 0 = -g*s + 41*s + 608. What are the prime factors of s?
2, 19
What are the prime factors of (-2498)/(-1*(-24)/(-9)*(-5)/(-20))?
3, 1249
Suppose 5875 = 8*b - 3*b. Suppose 3*u - b = 4*x, -271 - 124 = -u - 2*x. List the prime factors of